{"id":2174,"date":"2024-02-16T19:05:19","date_gmt":"2024-02-16T19:05:19","guid":{"rendered":"https:\/\/cm-comercioyrepresentaciones.com\/?page_id=2174"},"modified":"2024-02-21T19:16:57","modified_gmt":"2024-02-21T19:16:57","slug":"jabon-miel","status":"publish","type":"page","link":"https:\/\/cm-comercioyrepresentaciones.com\/en\/jabon-miel\/","title":{"rendered":"Jab\u00f3n Miel"},"content":{"rendered":"<div class=\"is-default-size wp-block-site-logo\"><a href=\"https:\/\/cm-comercioyrepresentaciones.com\/en\/\" class=\"custom-logo-link\" rel=\"home\"><img loading=\"lazy\" decoding=\"async\" width=\"746\" height=\"750\" src=\"https:\/\/cm-comercioyrepresentaciones.com\/wp-content\/uploads\/2021\/03\/perfil_cm-3.jpg\" class=\"custom-logo\" alt=\"\" srcset=\"https:\/\/cm-comercioyrepresentaciones.com\/wp-content\/uploads\/2021\/03\/perfil_cm-3.jpg 746w, https:\/\/cm-comercioyrepresentaciones.com\/wp-content\/uploads\/2021\/03\/perfil_cm-3-298x300.jpg 298w, https:\/\/cm-comercioyrepresentaciones.com\/wp-content\/uploads\/2021\/03\/perfil_cm-3-150x150.jpg 150w\" sizes=\"auto, (max-width: 746px) 100vw, 746px\" \/><\/a><\/div>\n\n<div class=\"wp-block-image\">\n<figure class=\"aligncenter size-full is-resized\"><img loading=\"lazy\" decoding=\"async\" width=\"577\" height=\"361\" src=\"https:\/\/cm-comercioyrepresentaciones.com\/wp-content\/uploads\/2024\/02\/miel_2-removebg-preview-1-edited.png\" alt=\"\" class=\"wp-image-2186\" style=\"width:285px;height:auto\" srcset=\"https:\/\/cm-comercioyrepresentaciones.com\/wp-content\/uploads\/2024\/02\/miel_2-removebg-preview-1-edited.png 577w, https:\/\/cm-comercioyrepresentaciones.com\/wp-content\/uploads\/2024\/02\/miel_2-removebg-preview-1-edited-300x188.png 300w, https:\/\/cm-comercioyrepresentaciones.com\/wp-content\/uploads\/2024\/02\/miel_2-removebg-preview-1-edited-18x12.png 18w\" sizes=\"auto, (max-width: 577px) 100vw, 577px\" \/><\/figure>\n<\/div>\n\n\n<h2 class=\"wp-block-heading has-vivid-cyan-blue-color has-text-color has-link-color wp-elements-bafd3243d19535bae0cadfcbade76ace\">Properties<\/h2>\n\n\n\n<ul class=\"has-vivid-cyan-blue-color has-text-color has-link-color wp-block-list wp-elements-58b00dfe343d6d9140ab2bfe36a75bfd\">\n<li class=\"has-medium-font-size\" style=\"letter-spacing:1px\">EL regalo de las abejas, la miel usada t\u00f3picamente act\u00faa como cicatrizante y para calmar el enrojecimiento cut\u00e1neo<\/li>\n\n\n\n<li class=\"has-medium-font-size\" style=\"letter-spacing:1px\">La miel tiene efectos antioxidantes, por lo que previene las arrugas y protege la piel de los agentes contaminantes externos que hacen que la piel se reseque o que tenga excesiva grasa por los poros tapados.<\/li>\n<\/ul>\n\n\n\n<h2 class=\"wp-block-heading has-vivid-cyan-blue-color has-text-color has-link-color wp-elements-76a0e5c890d42672131852992bc28684\">Acci\u00f3n del Jab\u00f3n de Miel sobre la piel<\/h2>\n\n\n\n<ul class=\"has-vivid-cyan-blue-color has-text-color has-link-color wp-block-list wp-elements-bc7dcc93cf5a1c0576ee8d29ad840eb5\">\n<li style=\"letter-spacing:1px\">Es \u00fatil para todo tipo de pieles, Ejerce su efecto beneficioso especialmente en ni\u00f1os y ancianos, pues las pieles sensibles encuentran en ella un gran aliado para mitigar su trastorno<\/li>\n\n\n\n<li style=\"letter-spacing:1px\">Hay un problema que se produce en las mejillas de algunas personas, y que produce un enrojecimiento muy llamativo. Hay personas que sienten incluso como si la cara les ardiera, El problema es que su piel no aguanta los cambios de temperatura bruscos. Este trastorno puede mitigarse lav\u00e1ndose con jab\u00f3n de miel<\/li>\n\n\n\n<li style=\"letter-spacing:1px\">El jab\u00f3n de miel ayuda a retrasar el envejecimiento de la piel y controlar el acn\u00e9 Ciertamente utilizar el jab\u00f3n natural de miel t\u00f3picamente act\u00faa como cicatrizante, calma el enrojecimiento cut\u00e1neo y tiene propiedades antis\u00e9pticas y antibacterianas<\/li>\n\n\n\n<li style=\"letter-spacing:1px\">Un jab\u00f3n de miel es apropiado para las pieles m\u00e1s sensibles y deshidratadas, pues la miel es rica en vitaminas, amino\u00e1cidos y minerales que nutren de manera delicada y efectiva la dermis. La miel tiene efectos antioxidantes, por lo que previene las arrugas y protege la piel de los agentes contaminantes externos que hacen que la piel se reseque o que tenga excesiva grasa por los poros tapados.<\/li>\n\n\n\n<li style=\"letter-spacing:1px\">Si deseas mejorar la textura de tu piel, curar una infecci\u00f3n cut\u00e1nea, reducir una cicatriz, el jab\u00f3n de miel es perfecto, pues su vitaminas y minerales son absorbidas por la tez, regenerando los tejidos exteriores de la dermis.<\/li>\n<\/ul>\n\n\n\n<div class=\"wp-block-buttons is-content-justification-right is-layout-flex wp-container-core-buttons-is-layout-765c4724 wp-block-buttons-is-layout-flex\">\n<div class=\"wp-block-button has-custom-width wp-block-button__width-25 is-style-outline is-style-outline--1\"><a class=\"wp-block-button__link has-vivid-cyan-blue-color has-white-background-color has-text-color has-background has-link-color wp-element-button\" href=\"https:\/\/cm-comercioyrepresentaciones.com\/en\/magiaromacm\/\">Go back<\/a><\/div>\n<\/div>","protected":false},"excerpt":{"rendered":"<p>Propiedades Acci\u00f3n del Jab\u00f3n de Miel sobre la piel<\/p>","protected":false},"author":1,"featured_media":0,"parent":0,"menu_order":0,"comment_status":"closed","ping_status":"closed","template":"","meta":{"footnotes":""},"class_list":["post-2174","page","type-page","status-publish","hentry"],"_links":{"self":[{"href":"https:\/\/cm-comercioyrepresentaciones.com\/en\/wp-json\/wp\/v2\/pages\/2174","targetHints":{"allow":["GET"]}}],"collection":[{"href":"https:\/\/cm-comercioyrepresentaciones.com\/en\/wp-json\/wp\/v2\/pages"}],"about":[{"href":"https:\/\/cm-comercioyrepresentaciones.com\/en\/wp-json\/wp\/v2\/types\/page"}],"author":[{"embeddable":true,"href":"https:\/\/cm-comercioyrepresentaciones.com\/en\/wp-json\/wp\/v2\/users\/1"}],"replies":[{"embeddable":true,"href":"https:\/\/cm-comercioyrepresentaciones.com\/en\/wp-json\/wp\/v2\/comments?post=2174"}],"version-history":[{"count":5,"href":"https:\/\/cm-comercioyrepresentaciones.com\/en\/wp-json\/wp\/v2\/pages\/2174\/revisions"}],"predecessor-version":[{"id":2188,"href":"https:\/\/cm-comercioyrepresentaciones.com\/en\/wp-json\/wp\/v2\/pages\/2174\/revisions\/2188"}],"wp:attachment":[{"href":"https:\/\/cm-comercioyrepresentaciones.com\/en\/wp-json\/wp\/v2\/media?parent=2174"}],"curies":[{"name":"wp","href":"https:\/\/api.w.org\/{rel}","templated":true}]}}

Jabón Miel

<div class="is-default-size wp-block-site-logo"><a href="https://cm-comercioyrepresentaciones.com/en/" class="custom-logo-link" rel="home"><img loading="lazy" decoding="async" width="746" height="750" src="https://cm-comercioyrepresentaciones.com/wp-content/uploads/2021/03/perfil_cm-3.jpg" class="custom-logo" alt="" srcset="https://cm-comercioyrepresentaciones.com/wp-content/uploads/2021/03/perfil_cm-3.jpg 746w, https://cm-comercioyrepresentaciones.com/wp-content/uploads/2021/03/perfil_cm-3-298x300.jpg 298w, https://cm-comercioyrepresentaciones.com/wp-content/uploads/2021/03/perfil_cm-3-150x150.jpg 150w" sizes="auto, (max-width: 746px) 100vw, 746px" /></a></div>

<div class="wp-block-image">
<figure class="aligncenter size-full is-resized"><img loading="lazy" decoding="async" width="577" height="361" src="https://cm-comercioyrepresentaciones.com/wp-content/uploads/2024/02/miel_2-removebg-preview-1-edited.png" alt="" class="wp-image-2186" style="width:285px;height:auto" srcset="https://cm-comercioyrepresentaciones.com/wp-content/uploads/2024/02/miel_2-removebg-preview-1-edited.png 577w, https://cm-comercioyrepresentaciones.com/wp-content/uploads/2024/02/miel_2-removebg-preview-1-edited-300x188.png 300w, https://cm-comercioyrepresentaciones.com/wp-content/uploads/2024/02/miel_2-removebg-preview-1-edited-18x12.png 18w" sizes="auto, (max-width: 577px) 100vw, 577px" /></figure>
</div>


<h2 class="wp-block-heading has-vivid-cyan-blue-color has-text-color has-link-color wp-elements-bafd3243d19535bae0cadfcbade76ace">Properties</h2>



<ul class="has-vivid-cyan-blue-color has-text-color has-link-color wp-block-list wp-elements-58b00dfe343d6d9140ab2bfe36a75bfd">
<li class="has-medium-font-size" style="letter-spacing:1px">EL regalo de las abejas, la miel usada tópicamente actúa como cicatrizante y para calmar el enrojecimiento cutáneo</li>



<li class="has-medium-font-size" style="letter-spacing:1px">La miel tiene efectos antioxidantes, por lo que previene las arrugas y protege la piel de los agentes contaminantes externos que hacen que la piel se reseque o que tenga excesiva grasa por los poros tapados.</li>
</ul>



<h2 class="wp-block-heading has-vivid-cyan-blue-color has-text-color has-link-color wp-elements-76a0e5c890d42672131852992bc28684">Acción del Jabón de Miel sobre la piel</h2>



<ul class="has-vivid-cyan-blue-color has-text-color has-link-color wp-block-list wp-elements-bc7dcc93cf5a1c0576ee8d29ad840eb5">
<li style="letter-spacing:1px">Es útil para todo tipo de pieles, Ejerce su efecto beneficioso especialmente en niños y ancianos, pues las pieles sensibles encuentran en ella un gran aliado para mitigar su trastorno</li>



<li style="letter-spacing:1px">Hay un problema que se produce en las mejillas de algunas personas, y que produce un enrojecimiento muy llamativo. Hay personas que sienten incluso como si la cara les ardiera, El problema es que su piel no aguanta los cambios de temperatura bruscos. Este trastorno puede mitigarse lavándose con jabón de miel</li>



<li style="letter-spacing:1px">El jabón de miel ayuda a retrasar el envejecimiento de la piel y controlar el acné Ciertamente utilizar el jabón natural de miel tópicamente actúa como cicatrizante, calma el enrojecimiento cutáneo y tiene propiedades antisépticas y antibacterianas</li>



<li style="letter-spacing:1px">Un jabón de miel es apropiado para las pieles más sensibles y deshidratadas, pues la miel es rica en vitaminas, aminoácidos y minerales que nutren de manera delicada y efectiva la dermis. La miel tiene efectos antioxidantes, por lo que previene las arrugas y protege la piel de los agentes contaminantes externos que hacen que la piel se reseque o que tenga excesiva grasa por los poros tapados.</li>



<li style="letter-spacing:1px">Si deseas mejorar la textura de tu piel, curar una infección cutánea, reducir una cicatriz, el jabón de miel es perfecto, pues su vitaminas y minerales son absorbidas por la tez, regenerando los tejidos exteriores de la dermis.</li>
</ul>



<div class="wp-block-buttons is-content-justification-right is-layout-flex wp-container-core-buttons-is-layout-765c4724 wp-block-buttons-is-layout-flex">
<div class="wp-block-button has-custom-width wp-block-button__width-25 is-style-outline is-style-outline--1"><a class="wp-block-button__link has-vivid-cyan-blue-color has-white-background-color has-text-color has-background has-link-color wp-element-button" href="https://cm-comercioyrepresentaciones.com/en/magiaromacm/">Go back</a></div>
</div>

<p>Propiedades Acción del Jabón de Miel sobre la piel</p>
