{"id":1407,"date":"2021-05-11T22:53:54","date_gmt":"2021-05-11T22:53:54","guid":{"rendered":"https:\/\/cm-comercioyrepresentaciones.com\/?page_id=1407"},"modified":"2024-02-27T21:26:43","modified_gmt":"2024-02-27T21:26:43","slug":"jabon-arcilla","status":"publish","type":"page","link":"https:\/\/cm-comercioyrepresentaciones.com\/en\/jabon-arcilla\/","title":{"rendered":"Jab\u00f3n Arcilla"},"content":{"rendered":"<div class=\"is-default-size wp-block-site-logo\"><a href=\"https:\/\/cm-comercioyrepresentaciones.com\/en\/\" class=\"custom-logo-link\" rel=\"home\"><img loading=\"lazy\" decoding=\"async\" width=\"746\" height=\"750\" src=\"https:\/\/cm-comercioyrepresentaciones.com\/wp-content\/uploads\/2021\/03\/perfil_cm-3.jpg\" class=\"custom-logo\" alt=\"\" srcset=\"https:\/\/cm-comercioyrepresentaciones.com\/wp-content\/uploads\/2021\/03\/perfil_cm-3.jpg 746w, https:\/\/cm-comercioyrepresentaciones.com\/wp-content\/uploads\/2021\/03\/perfil_cm-3-298x300.jpg 298w, https:\/\/cm-comercioyrepresentaciones.com\/wp-content\/uploads\/2021\/03\/perfil_cm-3-150x150.jpg 150w\" sizes=\"auto, (max-width: 746px) 100vw, 746px\" \/><\/a><\/div>\n\n<div class=\"wp-block-image\">\n<figure class=\"aligncenter size-full is-resized\"><img loading=\"lazy\" decoding=\"async\" width=\"614\" height=\"384\" src=\"https:\/\/cm-comercioyrepresentaciones.com\/wp-content\/uploads\/2024\/02\/jabon-arcilla-edited.png\" alt=\"\" class=\"wp-image-2190\" style=\"width:384px;height:auto\" srcset=\"https:\/\/cm-comercioyrepresentaciones.com\/wp-content\/uploads\/2024\/02\/jabon-arcilla-edited.png 614w, https:\/\/cm-comercioyrepresentaciones.com\/wp-content\/uploads\/2024\/02\/jabon-arcilla-edited-300x188.png 300w, https:\/\/cm-comercioyrepresentaciones.com\/wp-content\/uploads\/2024\/02\/jabon-arcilla-edited-18x12.png 18w\" sizes=\"auto, (max-width: 614px) 100vw, 614px\" \/><\/figure>\n<\/div>\n\n\n<hr class=\"wp-block-separator has-text-color has-vivid-cyan-blue-color has-alpha-channel-opacity has-vivid-cyan-blue-background-color has-background\"\/>\n\n\n\n<h3 class=\"wp-block-heading has-text-align-left has-vivid-cyan-blue-color has-text-color has-link-color wp-elements-7922eddabfaed6f50e5b60b259617255\">Jab\u00f3n id\u00f3neo para las pieles grasas<\/h3>\n\n\n\n<ul class=\"has-vivid-cyan-blue-color has-text-color has-link-color wp-block-list wp-elements-41a5e233359905e9437fa175fbd0e60b\">\n<li class=\"has-medium-font-size\">La arcilla tiene un gran poder de absorci\u00f3n para drenar las impurezas de los tejidos<\/li>\n\n\n\n<li class=\"has-medium-font-size\">La arcilla es beneficiosa para limpiar y oxigenar la piel<\/li>\n<\/ul>\n\n\n\n<hr class=\"wp-block-separator has-text-color has-vivid-cyan-blue-color has-alpha-channel-opacity has-vivid-cyan-blue-background-color has-background\"\/>\n\n\n\n<h2 class=\"wp-block-heading has-text-align-center has-vivid-cyan-blue-color has-text-color\">Caracter\u00edsticas<\/h2>\n\n\n\n<ul class=\"has-vivid-cyan-blue-color has-text-color wp-block-list\">\n<li class=\"has-medium-font-size\">Es \u00fatil para erradicar la toxina y desechos de la piel.<\/li>\n\n\n\n<li class=\"has-medium-font-size\">Ayuda con la hidrataci\u00f3n y rejuvenecimiento de la piel<\/li>\n\n\n\n<li class=\"has-medium-font-size\">S\u00faper \u00fatil en pieles grasas o mixtas<\/li>\n\n\n\n<li class=\"has-medium-font-size\">Tambi\u00e9n conocido como detergente natural<\/li>\n\n\n\n<li class=\"has-medium-font-size\">Ayuda como exfoliante y renovador celular<\/li>\n\n\n\n<li class=\"has-medium-font-size\">El jab\u00f3n id\u00f3neo para las pieles grasas<\/li>\n\n\n\n<li class=\"has-medium-font-size\">La arcilla tiene un gran poder de absorci\u00f3n para drenar las impurezas de los tejidos<\/li>\n\n\n\n<li class=\"has-medium-font-size\">La arcilla es beneficiosa para limpiar y oxigenar la piel<\/li>\n\n\n\n<li class=\"has-medium-font-size\">Jab\u00f3n de arcilla limpia los poros desengrasa y oxigena, ayudando a mantener una piel sana y libre de impurezas<\/li>\n\n\n\n<li class=\"has-medium-font-size\">es aconsejable para pieles grasas, mixtas y con tendencia al acn\u00e9.<\/li>\n\n\n\n<li class=\"has-medium-font-size\">Es bueno para todo tipo de pieles, pero debes tener en cuenta que este jab\u00f3n no se debe utilizar todos los d\u00edas si se tiene la piel delicada, aunque es tolerable, un par de d\u00edas a la semana.<\/li>\n\n\n\n<li class=\"has-medium-font-size\">Las pieles grasas necesitan limpiarse con m\u00e1s asiduidad que las secas<\/li>\n\n\n\n<li class=\"has-medium-font-size\">Si queremos que el jab\u00f3n sea m\u00e1s efectivo, debemos aplicarlos directamente sobre la piel para conseguir un exfoliado suave. Lo dejaremos actuar unos minutos y luego lo retiraremos con agua.<\/li>\n<\/ul>\n\n\n\n<hr class=\"wp-block-separator has-text-color has-vivid-cyan-blue-color has-alpha-channel-opacity has-vivid-cyan-blue-background-color has-background\"\/>\n\n\n\n<h2 class=\"wp-block-heading has-text-align-center has-vivid-cyan-blue-color has-text-color has-link-color wp-elements-a3e7726b54fbef1e3e79fb6f6a72b5a9\">Acci\u00f3n del Jab\u00f3n de Arcilla sobre la piel<\/h2>\n\n\n\n<ul class=\"has-vivid-cyan-blue-color has-text-color has-link-color wp-block-list wp-elements-391df4f9a4261b6e90d2aede31d9aaeb\">\n<li class=\"has-medium-font-size\">El jab\u00f3n de arcilla limpia los poros desengrasa y oxigena, ayudando a mantener una piel sana y libre de impurezas<\/li>\n\n\n\n<li class=\"has-medium-font-size\">Es aconsejable para pieles grasas, mixtas y con tendencia al acn\u00e9.<\/li>\n\n\n\n<li class=\"has-medium-font-size\">Es bueno para todo tipo de pieles, pero debes tener en cuenta que este jab\u00f3n no se debe utilizar todos los d\u00edas si se tiene la piel delicada, aunque es tolerable, un par de d\u00edas a la semana.<\/li>\n\n\n\n<li class=\"has-medium-font-size\">Las pieles grasas necesitan limpiarse con m\u00e1s asiduidad que las secas<\/li>\n\n\n\n<li class=\"has-medium-font-size\">Si queremos que el jab\u00f3n sea m\u00e1s efectivo, debemos aplicarlos directamente sobre la piel para conseguir un exfoliado suave. Lo dejaremos actuar unos minutos y luego lo retiraremos con agua.<\/li>\n<\/ul>\n\n\n<div class=\"wp-block-image\">\n<figure class=\"aligncenter size-large is-resized\"><img loading=\"lazy\" decoding=\"async\" width=\"613\" height=\"537\" src=\"https:\/\/cm-comercioyrepresentaciones.com\/wp-content\/uploads\/2021\/05\/image-15.png\" alt=\"\" class=\"wp-image-1412\" style=\"width:556px;height:487px\" srcset=\"https:\/\/cm-comercioyrepresentaciones.com\/wp-content\/uploads\/2021\/05\/image-15.png 613w, https:\/\/cm-comercioyrepresentaciones.com\/wp-content\/uploads\/2021\/05\/image-15-300x263.png 300w\" sizes=\"auto, (max-width: 613px) 100vw, 613px\" \/><\/figure>\n<\/div>\n\n\n<hr class=\"wp-block-separator has-text-color has-vivid-cyan-blue-color has-alpha-channel-opacity has-vivid-cyan-blue-background-color has-background\"\/>\n\n\n\n<div class=\"wp-block-buttons is-content-justification-right is-layout-flex wp-container-core-buttons-is-layout-765c4724 wp-block-buttons-is-layout-flex\">\n<div class=\"wp-block-button has-custom-width wp-block-button__width-25 is-style-outline is-style-outline--1\"><a class=\"wp-block-button__link has-vivid-cyan-blue-color has-text-color has-link-color wp-element-button\" href=\"https:\/\/cm-comercioyrepresentaciones.com\/en\/magiaromacm\/\">Go back<\/a><\/div>\n<\/div>","protected":false},"excerpt":{"rendered":"<p>Jab\u00f3n id\u00f3neo para las pieles grasas Caracter\u00edsticas Acci\u00f3n del Jab\u00f3n de Arcilla sobre la piel<\/p>","protected":false},"author":1,"featured_media":0,"parent":0,"menu_order":0,"comment_status":"closed","ping_status":"closed","template":"","meta":{"footnotes":""},"class_list":["post-1407","page","type-page","status-publish","hentry"],"_links":{"self":[{"href":"https:\/\/cm-comercioyrepresentaciones.com\/en\/wp-json\/wp\/v2\/pages\/1407","targetHints":{"allow":["GET"]}}],"collection":[{"href":"https:\/\/cm-comercioyrepresentaciones.com\/en\/wp-json\/wp\/v2\/pages"}],"about":[{"href":"https:\/\/cm-comercioyrepresentaciones.com\/en\/wp-json\/wp\/v2\/types\/page"}],"author":[{"embeddable":true,"href":"https:\/\/cm-comercioyrepresentaciones.com\/en\/wp-json\/wp\/v2\/users\/1"}],"replies":[{"embeddable":true,"href":"https:\/\/cm-comercioyrepresentaciones.com\/en\/wp-json\/wp\/v2\/comments?post=1407"}],"version-history":[{"count":6,"href":"https:\/\/cm-comercioyrepresentaciones.com\/en\/wp-json\/wp\/v2\/pages\/1407\/revisions"}],"predecessor-version":[{"id":2199,"href":"https:\/\/cm-comercioyrepresentaciones.com\/en\/wp-json\/wp\/v2\/pages\/1407\/revisions\/2199"}],"wp:attachment":[{"href":"https:\/\/cm-comercioyrepresentaciones.com\/en\/wp-json\/wp\/v2\/media?parent=1407"}],"curies":[{"name":"wp","href":"https:\/\/api.w.org\/{rel}","templated":true}]}}

Jabón Arcilla

<div class="is-default-size wp-block-site-logo"><a href="https://cm-comercioyrepresentaciones.com/en/" class="custom-logo-link" rel="home"><img loading="lazy" decoding="async" width="746" height="750" src="https://cm-comercioyrepresentaciones.com/wp-content/uploads/2021/03/perfil_cm-3.jpg" class="custom-logo" alt="" srcset="https://cm-comercioyrepresentaciones.com/wp-content/uploads/2021/03/perfil_cm-3.jpg 746w, https://cm-comercioyrepresentaciones.com/wp-content/uploads/2021/03/perfil_cm-3-298x300.jpg 298w, https://cm-comercioyrepresentaciones.com/wp-content/uploads/2021/03/perfil_cm-3-150x150.jpg 150w" sizes="auto, (max-width: 746px) 100vw, 746px" /></a></div>

<div class="wp-block-image">
<figure class="aligncenter size-full is-resized"><img loading="lazy" decoding="async" width="614" height="384" src="https://cm-comercioyrepresentaciones.com/wp-content/uploads/2024/02/jabon-arcilla-edited.png" alt="" class="wp-image-2190" style="width:384px;height:auto" srcset="https://cm-comercioyrepresentaciones.com/wp-content/uploads/2024/02/jabon-arcilla-edited.png 614w, https://cm-comercioyrepresentaciones.com/wp-content/uploads/2024/02/jabon-arcilla-edited-300x188.png 300w, https://cm-comercioyrepresentaciones.com/wp-content/uploads/2024/02/jabon-arcilla-edited-18x12.png 18w" sizes="auto, (max-width: 614px) 100vw, 614px" /></figure>
</div>


<hr class="wp-block-separator has-text-color has-vivid-cyan-blue-color has-alpha-channel-opacity has-vivid-cyan-blue-background-color has-background"/>



<h3 class="wp-block-heading has-text-align-left has-vivid-cyan-blue-color has-text-color has-link-color wp-elements-7922eddabfaed6f50e5b60b259617255">Jabón idóneo para las pieles grasas</h3>



<ul class="has-vivid-cyan-blue-color has-text-color has-link-color wp-block-list wp-elements-41a5e233359905e9437fa175fbd0e60b">
<li class="has-medium-font-size">La arcilla tiene un gran poder de absorción para drenar las impurezas de los tejidos</li>



<li class="has-medium-font-size">La arcilla es beneficiosa para limpiar y oxigenar la piel</li>
</ul>



<hr class="wp-block-separator has-text-color has-vivid-cyan-blue-color has-alpha-channel-opacity has-vivid-cyan-blue-background-color has-background"/>



<h2 class="wp-block-heading has-text-align-center has-vivid-cyan-blue-color has-text-color">Características</h2>



<ul class="has-vivid-cyan-blue-color has-text-color wp-block-list">
<li class="has-medium-font-size">Es útil para erradicar la toxina y desechos de la piel.</li>



<li class="has-medium-font-size">Ayuda con la hidratación y rejuvenecimiento de la piel</li>



<li class="has-medium-font-size">Súper útil en pieles grasas o mixtas</li>



<li class="has-medium-font-size">También conocido como detergente natural</li>



<li class="has-medium-font-size">Ayuda como exfoliante y renovador celular</li>



<li class="has-medium-font-size">El jabón idóneo para las pieles grasas</li>



<li class="has-medium-font-size">La arcilla tiene un gran poder de absorción para drenar las impurezas de los tejidos</li>



<li class="has-medium-font-size">La arcilla es beneficiosa para limpiar y oxigenar la piel</li>



<li class="has-medium-font-size">Jabón de arcilla limpia los poros desengrasa y oxigena, ayudando a mantener una piel sana y libre de impurezas</li>



<li class="has-medium-font-size">es aconsejable para pieles grasas, mixtas y con tendencia al acné.</li>



<li class="has-medium-font-size">Es bueno para todo tipo de pieles, pero debes tener en cuenta que este jabón no se debe utilizar todos los días si se tiene la piel delicada, aunque es tolerable, un par de días a la semana.</li>



<li class="has-medium-font-size">Las pieles grasas necesitan limpiarse con más asiduidad que las secas</li>



<li class="has-medium-font-size">Si queremos que el jabón sea más efectivo, debemos aplicarlos directamente sobre la piel para conseguir un exfoliado suave. Lo dejaremos actuar unos minutos y luego lo retiraremos con agua.</li>
</ul>



<hr class="wp-block-separator has-text-color has-vivid-cyan-blue-color has-alpha-channel-opacity has-vivid-cyan-blue-background-color has-background"/>



<h2 class="wp-block-heading has-text-align-center has-vivid-cyan-blue-color has-text-color has-link-color wp-elements-a3e7726b54fbef1e3e79fb6f6a72b5a9">Acción del Jabón de Arcilla sobre la piel</h2>



<ul class="has-vivid-cyan-blue-color has-text-color has-link-color wp-block-list wp-elements-391df4f9a4261b6e90d2aede31d9aaeb">
<li class="has-medium-font-size">El jabón de arcilla limpia los poros desengrasa y oxigena, ayudando a mantener una piel sana y libre de impurezas</li>



<li class="has-medium-font-size">Es aconsejable para pieles grasas, mixtas y con tendencia al acné.</li>



<li class="has-medium-font-size">Es bueno para todo tipo de pieles, pero debes tener en cuenta que este jabón no se debe utilizar todos los días si se tiene la piel delicada, aunque es tolerable, un par de días a la semana.</li>



<li class="has-medium-font-size">Las pieles grasas necesitan limpiarse con más asiduidad que las secas</li>



<li class="has-medium-font-size">Si queremos que el jabón sea más efectivo, debemos aplicarlos directamente sobre la piel para conseguir un exfoliado suave. Lo dejaremos actuar unos minutos y luego lo retiraremos con agua.</li>
</ul>


<div class="wp-block-image">
<figure class="aligncenter size-large is-resized"><img loading="lazy" decoding="async" width="613" height="537" src="https://cm-comercioyrepresentaciones.com/wp-content/uploads/2021/05/image-15.png" alt="" class="wp-image-1412" style="width:556px;height:487px" srcset="https://cm-comercioyrepresentaciones.com/wp-content/uploads/2021/05/image-15.png 613w, https://cm-comercioyrepresentaciones.com/wp-content/uploads/2021/05/image-15-300x263.png 300w" sizes="auto, (max-width: 613px) 100vw, 613px" /></figure>
</div>


<hr class="wp-block-separator has-text-color has-vivid-cyan-blue-color has-alpha-channel-opacity has-vivid-cyan-blue-background-color has-background"/>



<div class="wp-block-buttons is-content-justification-right is-layout-flex wp-container-core-buttons-is-layout-765c4724 wp-block-buttons-is-layout-flex">
<div class="wp-block-button has-custom-width wp-block-button__width-25 is-style-outline is-style-outline--1"><a class="wp-block-button__link has-vivid-cyan-blue-color has-text-color has-link-color wp-element-button" href="https://cm-comercioyrepresentaciones.com/en/magiaromacm/">Go back</a></div>
</div>

<p>Jabón idóneo para las pieles grasas Características Acción del Jabón de Arcilla sobre la piel</p>
