{"id":1373,"date":"2021-05-10T23:44:59","date_gmt":"2021-05-10T23:44:59","guid":{"rendered":"https:\/\/cm-comercioyrepresentaciones.com\/?page_id=1373"},"modified":"2021-05-17T22:40:33","modified_gmt":"2021-05-17T22:40:33","slug":"arcilla-coloidal","status":"publish","type":"page","link":"https:\/\/cm-comercioyrepresentaciones.com\/en\/arcilla-coloidal\/","title":{"rendered":"Arcilla Coloidal"},"content":{"rendered":"<div class=\"wp-block-image\"><figure class=\"aligncenter size-large is-resized\"><img decoding=\"async\" src=\"https:\/\/cm-comercioyrepresentaciones.com\/wp-content\/uploads\/2021\/05\/coloidal-1024x1024.png\" alt=\"\" class=\"wp-image-1374\" width=\"-1757\" height=\"-1757\" srcset=\"https:\/\/cm-comercioyrepresentaciones.com\/wp-content\/uploads\/2021\/05\/coloidal-1024x1024.png 1024w, https:\/\/cm-comercioyrepresentaciones.com\/wp-content\/uploads\/2021\/05\/coloidal-300x300.png 300w, https:\/\/cm-comercioyrepresentaciones.com\/wp-content\/uploads\/2021\/05\/coloidal-150x150.png 150w, https:\/\/cm-comercioyrepresentaciones.com\/wp-content\/uploads\/2021\/05\/coloidal-768x768.png 768w, https:\/\/cm-comercioyrepresentaciones.com\/wp-content\/uploads\/2021\/05\/coloidal.png 1080w\" sizes=\"(max-width: 1024px) 100vw, 1024px\" \/><\/figure><\/div>\n\n\n\n<h2 class=\"has-text-align-center has-vivid-cyan-blue-color has-text-color wp-block-heading\">Properties<\/h2>\n\n\n\n<ul class=\"has-vivid-cyan-blue-color has-text-color wp-block-list\"><li>La arcilla es un elemento natural que posee minerales y oligoelementos.<\/li><li>Es absorbente, limpia los poros, puntos negros y espinillas.<\/li><li>Ideal para tratamientos corporales porque hidrata y suaviza la piel<\/li><li>Ayuda a exfoliar, limpiar y vigorizar la piel por igual.<\/li><li>La bentonita se usa para combatir el acn\u00e9<\/li><li>Como tratamiento antienvejecimiento<\/li><li>Como exfoliante y consigue estimular la renovaci\u00f3n celular, entre otros<\/li><li>Gran poder emulsionante y acci\u00f3n detergente<\/li><li>Sus propiedades emulsivas, saponificaci\u00f3n m\u00e1s r\u00e1pida.<\/li><li>Debido a su capacidad para absorber el exceso de toxinas y grasas que act\u00faan sobre la piel.<\/li><\/ul>\n\n\n\n<div class=\"wp-block-image\"><figure class=\"aligncenter size-large\"><img loading=\"lazy\" decoding=\"async\" width=\"614\" height=\"504\" src=\"https:\/\/cm-comercioyrepresentaciones.com\/wp-content\/uploads\/2021\/05\/image-1.png\" alt=\"\" class=\"wp-image-1377\" srcset=\"https:\/\/cm-comercioyrepresentaciones.com\/wp-content\/uploads\/2021\/05\/image-1.png 614w, https:\/\/cm-comercioyrepresentaciones.com\/wp-content\/uploads\/2021\/05\/image-1-300x246.png 300w\" sizes=\"auto, (max-width: 614px) 100vw, 614px\" \/><\/figure><\/div>\n\n\n\n<h2 class=\"has-text-align-center has-vivid-cyan-blue-color has-text-color wp-block-heading\">Usos<\/h2>\n\n\n\n<ul class=\"has-vivid-cyan-blue-color has-text-color wp-block-list\"><li>En un recipiente de vidrio porcelana y con un pincel o esp\u00e1tula e madera se colora directo a la piel, el grosor varia seg\u00fan los casos y el tiempo de exposici\u00f3n que se requiera recomendaci\u00f3n es de 15 a 30 minutos<\/li><\/ul>\n\n\n\n<h3 class=\"has-vivid-cyan-blue-color has-text-color wp-block-heading\">Cutis Normal<\/h3>\n\n\n\n<ul class=\"has-vivid-cyan-blue-color has-text-color wp-block-list\"><li>50 g Arcilla Coloidal Magiaroma<\/li><li>10cc glicerina<\/li><li>Agua de rosas para diluir<\/li><\/ul>\n\n\n\n<h3 class=\"has-vivid-cyan-blue-color has-text-color wp-block-heading\">Cutis Seco<\/h3>\n\n\n\n<ul class=\"has-vivid-cyan-blue-color has-text-color wp-block-list\"><li>50g\u00a0Arcilla Coloidal Magiaroma<\/li><li>20 cc glicerina<\/li><li>Agua de hamamelis 20cc<\/li><li>Aceite de Rosas 10cc<\/li><li>Agua destilada para diluir<\/li><\/ul>\n\n\n\n<h3 class=\"has-vivid-cyan-blue-color has-text-color wp-block-heading\">Mascarilla Astringene<\/h3>\n\n\n\n<ul class=\"has-vivid-cyan-blue-color has-text-color wp-block-list\"><li>50 g \u00a0Arcilla Coloidal Magiaroma<\/li><li>zumo de lim\u00f3n<\/li><li>Agua de rosas para diluir<\/li><\/ul>\n\n\n\n<h3 class=\"has-vivid-cyan-blue-color has-text-color wp-block-heading\">Piel Grasa<\/h3>\n\n\n\n<ul class=\"has-vivid-cyan-blue-color has-text-color wp-block-list\"><li>50g\u00a0Arcilla Coloidal\u00a0Magiaroma<\/li><li>1 clara de huevo<\/li><li>Hacer una masa, extenderla en el rostro cuando se seque retirar con agua de rosas<\/li><\/ul>\n\n\n\n<div class=\"wp-block-image\"><figure class=\"aligncenter size-large\"><img loading=\"lazy\" decoding=\"async\" width=\"616\" height=\"504\" src=\"https:\/\/cm-comercioyrepresentaciones.com\/wp-content\/uploads\/2021\/05\/image-3.png\" alt=\"\" class=\"wp-image-1379\" srcset=\"https:\/\/cm-comercioyrepresentaciones.com\/wp-content\/uploads\/2021\/05\/image-3.png 616w, https:\/\/cm-comercioyrepresentaciones.com\/wp-content\/uploads\/2021\/05\/image-3-300x245.png 300w\" sizes=\"auto, (max-width: 616px) 100vw, 616px\" \/><\/figure><\/div>\n\n\n\n<p><\/p>","protected":false},"excerpt":{"rendered":"<p>Propiedades La arcilla es un elemento natural que posee minerales y oligoelementos. Es absorbente, limpia los poros, puntos negros y espinillas. Ideal para tratamientos corporales porque hidrata y suaviza la piel Ayuda a exfoliar, limpiar y vigorizar la piel por igual. La bentonita se usa para combatir el acn\u00e9 Como tratamiento antienvejecimiento Como exfoliante y [&hellip;]<\/p>","protected":false},"author":1,"featured_media":0,"parent":0,"menu_order":0,"comment_status":"closed","ping_status":"closed","template":"","meta":{"footnotes":""},"class_list":["post-1373","page","type-page","status-publish","hentry"],"_links":{"self":[{"href":"https:\/\/cm-comercioyrepresentaciones.com\/en\/wp-json\/wp\/v2\/pages\/1373","targetHints":{"allow":["GET"]}}],"collection":[{"href":"https:\/\/cm-comercioyrepresentaciones.com\/en\/wp-json\/wp\/v2\/pages"}],"about":[{"href":"https:\/\/cm-comercioyrepresentaciones.com\/en\/wp-json\/wp\/v2\/types\/page"}],"author":[{"embeddable":true,"href":"https:\/\/cm-comercioyrepresentaciones.com\/en\/wp-json\/wp\/v2\/users\/1"}],"replies":[{"embeddable":true,"href":"https:\/\/cm-comercioyrepresentaciones.com\/en\/wp-json\/wp\/v2\/comments?post=1373"}],"version-history":[{"count":7,"href":"https:\/\/cm-comercioyrepresentaciones.com\/en\/wp-json\/wp\/v2\/pages\/1373\/revisions"}],"predecessor-version":[{"id":1570,"href":"https:\/\/cm-comercioyrepresentaciones.com\/en\/wp-json\/wp\/v2\/pages\/1373\/revisions\/1570"}],"wp:attachment":[{"href":"https:\/\/cm-comercioyrepresentaciones.com\/en\/wp-json\/wp\/v2\/media?parent=1373"}],"curies":[{"name":"wp","href":"https:\/\/api.w.org\/{rel}","templated":true}]}}

<div class="wp-block-image"><figure class="aligncenter size-large is-resized"><img decoding="async" src="https://cm-comercioyrepresentaciones.com/wp-content/uploads/2021/05/coloidal-1024x1024.png" alt="" class="wp-image-1374" width="-1757" height="-1757" srcset="https://cm-comercioyrepresentaciones.com/wp-content/uploads/2021/05/coloidal-1024x1024.png 1024w, https://cm-comercioyrepresentaciones.com/wp-content/uploads/2021/05/coloidal-300x300.png 300w, https://cm-comercioyrepresentaciones.com/wp-content/uploads/2021/05/coloidal-150x150.png 150w, https://cm-comercioyrepresentaciones.com/wp-content/uploads/2021/05/coloidal-768x768.png 768w, https://cm-comercioyrepresentaciones.com/wp-content/uploads/2021/05/coloidal.png 1080w" sizes="(max-width: 1024px) 100vw, 1024px" /></figure></div>



<h2 class="has-text-align-center has-vivid-cyan-blue-color has-text-color wp-block-heading">Properties</h2>



<ul class="has-vivid-cyan-blue-color has-text-color wp-block-list"><li>La arcilla es un elemento natural que posee minerales y oligoelementos.</li><li>Es absorbente, limpia los poros, puntos negros y espinillas.</li><li>Ideal para tratamientos corporales porque hidrata y suaviza la piel</li><li>Ayuda a exfoliar, limpiar y vigorizar la piel por igual.</li><li>La bentonita se usa para combatir el acné</li><li>Como tratamiento antienvejecimiento</li><li>Como exfoliante y consigue estimular la renovación celular, entre otros</li><li>Gran poder emulsionante y acción detergente</li><li>Sus propiedades emulsivas, saponificación más rápida.</li><li>Debido a su capacidad para absorber el exceso de toxinas y grasas que actúan sobre la piel.</li></ul>



<div class="wp-block-image"><figure class="aligncenter size-large"><img loading="lazy" decoding="async" width="614" height="504" src="https://cm-comercioyrepresentaciones.com/wp-content/uploads/2021/05/image-1.png" alt="" class="wp-image-1377" srcset="https://cm-comercioyrepresentaciones.com/wp-content/uploads/2021/05/image-1.png 614w, https://cm-comercioyrepresentaciones.com/wp-content/uploads/2021/05/image-1-300x246.png 300w" sizes="auto, (max-width: 614px) 100vw, 614px" /></figure></div>



<h2 class="has-text-align-center has-vivid-cyan-blue-color has-text-color wp-block-heading">Usos</h2>



<ul class="has-vivid-cyan-blue-color has-text-color wp-block-list"><li>En un recipiente de vidrio porcelana y con un pincel o espátula e madera se colora directo a la piel, el grosor varia según los casos y el tiempo de exposición que se requiera recomendación es de 15 a 30 minutos</li></ul>



<h3 class="has-vivid-cyan-blue-color has-text-color wp-block-heading">Cutis Normal</h3>



<ul class="has-vivid-cyan-blue-color has-text-color wp-block-list"><li>50 g Arcilla Coloidal Magiaroma</li><li>10cc glicerina</li><li>Agua de rosas para diluir</li></ul>



<h3 class="has-vivid-cyan-blue-color has-text-color wp-block-heading">Cutis Seco</h3>



<ul class="has-vivid-cyan-blue-color has-text-color wp-block-list"><li>50g Arcilla Coloidal Magiaroma</li><li>20 cc glicerina</li><li>Agua de hamamelis 20cc</li><li>Aceite de Rosas 10cc</li><li>Agua destilada para diluir</li></ul>



<h3 class="has-vivid-cyan-blue-color has-text-color wp-block-heading">Mascarilla Astringene</h3>



<ul class="has-vivid-cyan-blue-color has-text-color wp-block-list"><li>50 g  Arcilla Coloidal Magiaroma</li><li>zumo de limón</li><li>Agua de rosas para diluir</li></ul>



<h3 class="has-vivid-cyan-blue-color has-text-color wp-block-heading">Piel Grasa</h3>



<ul class="has-vivid-cyan-blue-color has-text-color wp-block-list"><li>50g Arcilla Coloidal Magiaroma</li><li>1 clara de huevo</li><li>Hacer una masa, extenderla en el rostro cuando se seque retirar con agua de rosas</li></ul>



<div class="wp-block-image"><figure class="aligncenter size-large"><img loading="lazy" decoding="async" width="616" height="504" src="https://cm-comercioyrepresentaciones.com/wp-content/uploads/2021/05/image-3.png" alt="" class="wp-image-1379" srcset="https://cm-comercioyrepresentaciones.com/wp-content/uploads/2021/05/image-3.png 616w, https://cm-comercioyrepresentaciones.com/wp-content/uploads/2021/05/image-3-300x245.png 300w" sizes="auto, (max-width: 616px) 100vw, 616px" /></figure></div>



<p></p>

<p>Propiedades La arcilla es un elemento natural que posee minerales y oligoelementos. Es absorbente, limpia los poros, puntos negros y espinillas. Ideal para tratamientos corporales porque hidrata y suaviza la piel Ayuda a exfoliar, limpiar y vigorizar la piel por igual. La bentonita se usa para combatir el acné Como tratamiento antienvejecimiento Como exfoliante y [&hellip;]</p>
